[INFO] cloning repository https://github.com/KillerJmc/RustTest
[INFO] running `Command { std: "git" "-c" "credential.helper=" "-c" "credential.helper=/workspace/cargo-home/bin/git-credential-null" "clone" "--bare" "https://github.com/KillerJmc/RustTest" "/workspace/cache/git-repos/https%3A%2F%2Fgithub.com%2FKillerJmc%2FRustTest", kill_on_drop: false }`
[INFO] [stderr] Cloning into bare repository '/workspace/cache/git-repos/https%3A%2F%2Fgithub.com%2FKillerJmc%2FRustTest'...
[INFO] running `Command { std: "git" "rev-parse" "HEAD", kill_on_drop: false }`
[INFO] [stdout] 1d816d839fd33868185c9032a6c68bc6df500ce8
[INFO] checking KillerJmc/RustTest against master#9610dfe5a9a731ced1ea4923ecbd0c57fe367898 for beta-170-4
[INFO] running `Command { std: "git" "clone" "/workspace/cache/git-repos/https%3A%2F%2Fgithub.com%2FKillerJmc%2FRustTest" "/workspace/builds/worker-1-tc1/source", kill_on_drop: false }`
[INFO] [stderr] Cloning into '/workspace/builds/worker-1-tc1/source'...
[INFO] [stderr] done.
[INFO] validating manifest of git repo https://github.com/KillerJmc/RustTest on toolchain 9610dfe5a9a731ced1ea4923ecbd0c57fe367898
[INFO] running `Command { std: CARGO_HOME="/workspace/cargo-home" RUSTUP_HOME="/workspace/rustup-home" "/workspace/cargo-home/bin/cargo" "+9610dfe5a9a731ced1ea4923ecbd0c57fe367898" "metadata" "--manifest-path" "Cargo.toml" "--no-deps", kill_on_drop: false }`
[INFO] started tweaking git repo https://github.com/KillerJmc/RustTest
[INFO] finished tweaking git repo https://github.com/KillerJmc/RustTest
[INFO] tweaked toml for git repo https://github.com/KillerJmc/RustTest written to /workspace/builds/worker-1-tc1/source/Cargo.toml
[INFO] crate git repo https://github.com/KillerJmc/RustTest already has a lockfile, it will not be regenerated
[INFO] running `Command { std: CARGO_HOME="/workspace/cargo-home" RUSTUP_HOME="/workspace/rustup-home" "/workspace/cargo-home/bin/cargo" "+9610dfe5a9a731ced1ea4923ecbd0c57fe367898" "fetch" "--manifest-path" "Cargo.toml", kill_on_drop: false }`
[INFO] [stderr]     Updating crates.io index
[INFO] [stderr]  Downloading crates ...
[INFO] [stderr]   Downloaded jmc-tools v1.0.0
[INFO] running `Command { std: "docker" "create" "-v" "/var/lib/crater-agent-workspace/builds/worker-1-tc1/target:/opt/rustwide/target:rw,Z" "-v" "/var/lib/crater-agent-workspace/builds/worker-1-tc1/source:/opt/rustwide/workdir:ro,Z" "-v" "/var/lib/crater-agent-workspace/cargo-home:/opt/rustwide/cargo-home:ro,Z" "-v" "/var/lib/crater-agent-workspace/rustup-home:/opt/rustwide/rustup-home:ro,Z" "-e" "SOURCE_DIR=/opt/rustwide/workdir" "-e" "CARGO_TARGET_DIR=/opt/rustwide/target" "-e" "CARGO_HOME=/opt/rustwide/cargo-home" "-e" "RUSTUP_HOME=/opt/rustwide/rustup-home" "-w" "/opt/rustwide/workdir" "-m" "1610612736" "--user" "0:0" "--network" "none" "ghcr.io/rust-lang/crates-build-env/linux@sha256:19e73879b68f455e41552ea35293514db52ea292d993f571636dbffedb77a1ee" "/opt/rustwide/cargo-home/bin/cargo" "+9610dfe5a9a731ced1ea4923ecbd0c57fe367898" "metadata" "--no-deps" "--format-version=1", kill_on_drop: false }`
[INFO] [stdout] 28c54f6e52deb48440c51db63349254105ebe9cfa07b716cb257ff49b6df9f75
[INFO] running `Command { std: "docker" "start" "-a" "28c54f6e52deb48440c51db63349254105ebe9cfa07b716cb257ff49b6df9f75", kill_on_drop: false }`
[INFO] running `Command { std: "docker" "inspect" "28c54f6e52deb48440c51db63349254105ebe9cfa07b716cb257ff49b6df9f75", kill_on_drop: false }`
[INFO] running `Command { std: "docker" "rm" "-f" "28c54f6e52deb48440c51db63349254105ebe9cfa07b716cb257ff49b6df9f75", kill_on_drop: false }`
[INFO] [stdout] 28c54f6e52deb48440c51db63349254105ebe9cfa07b716cb257ff49b6df9f75
[INFO] running `Command { std: "docker" "create" "-v" "/var/lib/crater-agent-workspace/builds/worker-1-tc1/target:/opt/rustwide/target:rw,Z" "-v" "/var/lib/crater-agent-workspace/builds/worker-1-tc1/source:/opt/rustwide/workdir:ro,Z" "-v" "/var/lib/crater-agent-workspace/cargo-home:/opt/rustwide/cargo-home:ro,Z" "-v" "/var/lib/crater-agent-workspace/rustup-home:/opt/rustwide/rustup-home:ro,Z" "-e" "SOURCE_DIR=/opt/rustwide/workdir" "-e" "CARGO_TARGET_DIR=/opt/rustwide/target" "-e" "CARGO_INCREMENTAL=0" "-e" "RUST_BACKTRACE=full" "-e" "RUSTFLAGS=--cap-lints=forbid" "-e" "RUSTDOCFLAGS=--cap-lints=forbid" "-e" "CARGO_HOME=/opt/rustwide/cargo-home" "-e" "RUSTUP_HOME=/opt/rustwide/rustup-home" "-w" "/opt/rustwide/workdir" "-m" "1610612736" "--user" "0:0" "--network" "none" "ghcr.io/rust-lang/crates-build-env/linux@sha256:19e73879b68f455e41552ea35293514db52ea292d993f571636dbffedb77a1ee" "/opt/rustwide/cargo-home/bin/cargo" "+9610dfe5a9a731ced1ea4923ecbd0c57fe367898" "check" "--frozen" "--all" "--all-targets" "--message-format=json", kill_on_drop: false }`
[INFO] [stdout] 95d77c5d7ff3e520f662db7430fd10140e1ee60ac2e7ef8a693e2c2ed6239933
[INFO] running `Command { std: "docker" "start" "-a" "95d77c5d7ff3e520f662db7430fd10140e1ee60ac2e7ef8a693e2c2ed6239933", kill_on_drop: false }`
[INFO] [stderr]    Compiling libc v0.2.134
[INFO] [stderr]     Checking ppv-lite86 v0.2.16
[INFO] [stderr]     Checking jmc-tools v1.0.0
[INFO] [stderr]     Checking getrandom v0.2.7
[INFO] [stderr]     Checking rand_core v0.6.4
[INFO] [stderr]     Checking rand_chacha v0.3.1
[INFO] [stderr]     Checking rand v0.8.5
[INFO] [stderr]     Checking rust-test v1.0.0 (/opt/rustwide/workdir)
[INFO] [stdout] warning: unused imports: `Display`, `Formatter`
[INFO] [stdout]  --> src/bin/trait.rs:1:16
[INFO] [stdout]   |
[INFO] [stdout] 1 | use std::fmt::{Display, Formatter};
[INFO] [stdout]   |                ^^^^^^^  ^^^^^^^^^
[INFO] [stdout]   |
[INFO] [stdout]   = note: `#[warn(unused_imports)]` on by default
[INFO] [stdout] 
[INFO] [stdout] 
[INFO] [stdout] warning: unused imports: `Display`, `Formatter`
[INFO] [stdout]  --> src/bin/trait.rs:1:16
[INFO] [stdout]   |
[INFO] [stdout] 1 | use std::fmt::{Display, Formatter};
[INFO] [stdout]   |                ^^^^^^^  ^^^^^^^^^
[INFO] [stdout]   |
[INFO] [stdout]   = note: `#[warn(unused_imports)]` on by default
[INFO] [stdout] 
[INFO] [stdout] 
[INFO] [stdout] warning: 1 warning emitted
[INFO] [stdout] 
[INFO] [stdout] 
[INFO] [stdout] warning: 1 warning emitted
[INFO] [stdout] 
[INFO] [stdout] 
[INFO] [stdout] error[E0425]: cannot find function `new_line` in this scope
[INFO] [stdout]   --> src/bin/string.rs:36:5
[INFO] [stdout]    |
[INFO] [stdout] 36 |     new_line();
[INFO] [stdout]    |     ^^^^^^^^ not found in this scope
[INFO] [stdout] 
[INFO] [stdout] 
[INFO] [stdout] error[E0425]: cannot find function `new_line` in this scope
[INFO] [stdout]   --> src/bin/string.rs:48:5
[INFO] [stdout]    |
[INFO] [stdout] 48 |     new_line();
[INFO] [stdout]    |     ^^^^^^^^ not found in this scope
[INFO] [stdout] 
[INFO] [stdout] 
[INFO] [stdout] error: aborting due to 2 previous errors
[INFO] [stdout] 
[INFO] [stdout] 
[INFO] [stdout] For more information about this error, try `rustc --explain E0425`.
[INFO] [stdout] 
[INFO] [stderr] error: could not compile `rust-test` (bin "string") due to 3 previous errors
[INFO] [stderr] warning: build failed, waiting for other jobs to finish...
[INFO] [stdout] error[E0425]: cannot find function `new_line` in this scope
[INFO] [stdout]   --> src/bin/string.rs:36:5
[INFO] [stdout]    |
[INFO] [stdout] 36 |     new_line();
[INFO] [stdout]    |     ^^^^^^^^ not found in this scope
[INFO] [stdout] 
[INFO] [stdout] 
[INFO] [stdout] error[E0425]: cannot find function `new_line` in this scope
[INFO] [stdout]   --> src/bin/string.rs:48:5
[INFO] [stdout]    |
[INFO] [stdout] 48 |     new_line();
[INFO] [stdout]    |     ^^^^^^^^ not found in this scope
[INFO] [stdout] 
[INFO] [stdout] 
[INFO] [stdout] error: aborting due to 2 previous errors
[INFO] [stdout] 
[INFO] [stdout] 
[INFO] [stdout] For more information about this error, try `rustc --explain E0425`.
[INFO] [stdout] 
[INFO] [stderr] error: could not compile `rust-test` (bin "string" test) due to 3 previous errors
[INFO] running `Command { std: "docker" "inspect" "95d77c5d7ff3e520f662db7430fd10140e1ee60ac2e7ef8a693e2c2ed6239933", kill_on_drop: false }`
[INFO] running `Command { std: "docker" "rm" "-f" "95d77c5d7ff3e520f662db7430fd10140e1ee60ac2e7ef8a693e2c2ed6239933", kill_on_drop: false }`
[INFO] [stdout] 95d77c5d7ff3e520f662db7430fd10140e1ee60ac2e7ef8a693e2c2ed6239933
